{"id":34,"date":"2026-05-07T09:15:11","date_gmt":"2026-05-07T08:15:11","guid":{"rendered":"https:\/\/ocampesinhado.terrum.social\/?page_id=34"},"modified":"2026-05-07T12:27:31","modified_gmt":"2026-05-07T11:27:31","slug":"contacto","status":"publish","type":"page","link":"https:\/\/ocampesinhado.terrum.social\/index.php\/contacto\/","title":{"rendered":"Contacto"},"content":{"rendered":"<div class=\"wp-block-image separador-agrarista\">\n<figure class=\"aligncenter size-large is-resized\"><img loading=\"lazy\" decoding=\"async\" width=\"1024\" height=\"341\" src=\"https:\/\/ocampesinhado.terrum.social\/wp-content\/uploads\/2026\/05\/separador_003-1024x341.png\" alt=\"\" class=\"wp-image-96\" style=\"width:273px;height:auto\" title=\"\" srcset=\"https:\/\/ocampesinhado.terrum.social\/wp-content\/uploads\/2026\/05\/separador_003-1024x341.png 1024w, https:\/\/ocampesinhado.terrum.social\/wp-content\/uploads\/2026\/05\/separador_003-300x100.png 300w, https:\/\/ocampesinhado.terrum.social\/wp-content\/uploads\/2026\/05\/separador_003-768x256.png 768w, https:\/\/ocampesinhado.terrum.social\/wp-content\/uploads\/2026\/05\/separador_003-1536x512.png 1536w, https:\/\/ocampesinhado.terrum.social\/wp-content\/uploads\/2026\/05\/separador_003-2048x683.png 2048w\" sizes=\"auto, (max-width: 1024px) 100vw, 1024px\" \/><\/figure>\n<\/div>\n\n\n<p>A <strong>Sociedade Agrarista \u201cO Campesinhado\u201d<\/strong> est\u00e1 aberta ao contacto com pessoas, comunidades, coletivos e entidades interessadas na defesa do rural, da terra, da comunalidade e do apoio m\u00fatuo.<\/p>\n\n\n\n<p>Para achegar propostas, solicitar informa\u00e7om, colaborar ou participar nas atividades da Sociedade, podes escrever-nos ao seguinte endere\u00e7o:<\/p>\n\n\n\n<p><strong><a href=\"mailto:ocampesinhado@terrum.social\">ocampesinhado@terrum.social<\/a><\/strong><\/p>\n\n\n\n<p>Responderemos na medida das nossas possibilidades, priorizando aquelas comunica\u00e7ons vinculadas \u00e0 organiza\u00e7om comunit\u00e1ria, \u00e0 defesa territorial, \u00e0 agroecologia, \u00e0 mem\u00f3ria agrarista e \u00e0 regenera\u00e7om do tecido rural.<\/p>\n","protected":false},"excerpt":{"rendered":"<p>A Sociedade Agrarista \u201cO Campesinhado\u201d est\u00e1 aberta ao contacto com pessoas, comunidades, coletivos e entidades interessadas na defesa do rural, da terra, da comunalidade e do apoio m\u00fatuo. Para achegar propostas, solicitar informa\u00e7om, colaborar ou participar nas atividades da Sociedade, podes escrever-nos ao seguinte endere\u00e7o: ocampesinhado@terrum.social Responderemos na medida das nossas possibilidades, priorizando aquelas comunica\u00e7ons&#8230;<\/p>\n","protected":false},"author":1,"featured_media":0,"parent":0,"menu_order":0,"comment_status":"closed","ping_status":"closed","template":"","meta":{"_kadence_starter_templates_imported_post":false,"_kad_post_transparent":"","_kad_post_title":"","_kad_post_layout":"","_kad_post_sidebar_id":"","_kad_post_content_style":"","_kad_post_vertical_padding":"","_kad_post_feature":"","_kad_post_feature_position":"","_kad_post_header":false,"_kad_post_footer":false,"_kad_post_classname":"","footnotes":""},"class_list":["post-34","page","type-page","status-publish","hentry"],"_links":{"self":[{"href":"https:\/\/ocampesinhado.terrum.social\/index.php\/wp-json\/wp\/v2\/pages\/34","targetHints":{"allow":["GET"]}}],"collection":[{"href":"https:\/\/ocampesinhado.terrum.social\/index.php\/wp-json\/wp\/v2\/pages"}],"about":[{"href":"https:\/\/ocampesinhado.terrum.social\/index.php\/wp-json\/wp\/v2\/types\/page"}],"author":[{"embeddable":true,"href":"https:\/\/ocampesinhado.terrum.social\/index.php\/wp-json\/wp\/v2\/users\/1"}],"replies":[{"embeddable":true,"href":"https:\/\/ocampesinhado.terrum.social\/index.php\/wp-json\/wp\/v2\/comments?post=34"}],"version-history":[{"count":5,"href":"https:\/\/ocampesinhado.terrum.social\/index.php\/wp-json\/wp\/v2\/pages\/34\/revisions"}],"predecessor-version":[{"id":123,"href":"https:\/\/ocampesinhado.terrum.social\/index.php\/wp-json\/wp\/v2\/pages\/34\/revisions\/123"}],"wp:attachment":[{"href":"https:\/\/ocampesinhado.terrum.social\/index.php\/wp-json\/wp\/v2\/media?parent=34"}],"curies":[{"name":"wp","href":"https:\/\/api.w.org\/{rel}","templated":true}]}}